-20 - 593c4?
-59414
In base 5, what is 1134133 + 100420?
1240103
In base 13, what is 1a7 + -18c6a?
-18a93
In base 13, what is -61b9b + -202?
-620a0
In base 9, what is 0 - -2135434?
2135434
In base 6, what is 150450114 + -124?
150445550
In base 5, what is -1111140144 - -10?
-1111140134
In base 11, what is -177863 + -172?
-177a25
In base 7, what is 44 - -1444601?
1444645
In base 14, what is -43608 - 617?
-43c21
In base 9, what is 3853402 - -4?
3853406
In base 8, what is -15641 + 163250?
145407
In base 15, what is -6 - 8231c5?
-8231cb
In base 11, what is -284562299 + -3?
-2845622a1
In base 10, what is 3 + -80816716?
-80816713
In base 16, what is 68cf04 - -5?
68cf09
In base 9, what is 3 + -551356?
-551353
In base 5, what is 1134 + -243112400?
-243111211
In base 11, what is -7909 + -5507?
-12315
In base 13, what is 1 - -22ac5205?
22ac5206
In base 13, what is -54 - -3394a59?
3394a05
In base 11, what is 540486 - 9?
540478
In base 7, what is 1356 + -55115?
-53426
In base 13, what is 4799 + 7a7?
5273
In base 9, what is 8 - 13445648?
-13445640
In base 15, what is -31 - -344887?
344856
In base 13, what is 188190 - -2?
188192
In base 6, what is 225520312 - 212?
225520100
In base 5, what is 1221321 - -13021?
1234342
In base 9, what is 21113 + 7307?
28421
In base 8, what is -16 + 3271137?
3271121
In base 16, what is -31c23 - -d88?
-30e9b
In base 16, what is -84c - b0c2?
-b90e
In base 16, what is 1c2 + ca3e?
cc00
In base 14, what is -30 + -18d20?
-18d50
In base 5, what is 322201 + -124321?
142330
In base 4, what is -3 - 10302100102?
-10302100111
In base 9, what is -458526515 - 4?
-458526520
In base 13, what is -2975b4a - 0?
-2975b4a
In base 10, what is 214 - -79287?
79501
In base 6, what is 3525511040 - 0?
3525511040
In base 16, what is -20f + -1203?
-1412
In base 16, what is 173f5c + 6?
173f62
In base 12, what is -2946 - -1ba7?
-95b
In base 8, what is -75602604 - 2?
-75602606
In base 12, what is 58515 - -28?
58541
In base 10, what is 460942 - -77?
461019
In base 11, what is -1153805 + -12?
-1153817
In base 9, what is -747323 + 1105?
-746217
In base 15, what is -d28 - 1c010?
-1cd38
In base 11, what is 2324140 + -2?
2324139
In base 8, what is -4745705 - 2?
-4745707
In base 12, what is -3085a2 + 34?
-30856a
In base 6, what is -124221 + 1011032?
442411
In base 4, what is -30012320333 - -103?
-30012320230
In base 13, what is 94b - 64285?
-63637
In base 8, what is 6370653 + -106?
6370545
In base 9, what is 1548 + 221781?
223440
In base 10, what is -5 + 1609248?
1609243
In base 15, what is 2680 - 8672?
-5ee2
In base 12, what is -1378 - 3618?
-4994
In base 9, what is -3 + -875373?
-875376
In base 3, what is -100022 - -10102111010?
10102010211
In base 14, what is 3 + 16ca2a30?
16ca2a33
In base 15, what is -a749d - -16?
-a7487
In base 9, what is 103710264 + 1?
103710265
In base 10, what is -7281760 + -13?
-7281773
In base 13, what is -20754cc - 5?
-2075504
In base 7, what is 13 - -46603023?
46603036
In base 8, what is 165762 + 5501?
173463
In base 16, what is 51f64 - -71?
51fd5
In base 10, what is -38707885 - -5?
-38707880
In base 5, what is -11133222210 - 10?
-11133222220
In base 16, what is -25555 + 433?
-25122
In base 9, what is 434 + -30642?
-30207
In base 10, what is 62749 + -131?
62618
In base 7, what is 3542 - -220?
4062
In base 9, what is -3327 - 10133?
-13461
In base 2, what is 1110000100111011101100100100 + -11?
1110000100111011101100100001
In base 5, what is 121 - 1443323?
-1443202
In base 3, what is 12 - -112101110000110?
112101110000122
In base 9, what is 3 - 1145140?
-1145136
In base 10, what is 1060841 + -3?
1060838
In base 7, what is 103 - -261454?
261560
In base 4, what is 111201300203 + 10?
111201300213
In base 9, what is -1148 + -67676?
-68835
In base 8, what is 13602755 + 13?
13602770
In base 6, what is 15351 - 444130?
-424335
In base 3, what is -2101222 - 101011211?
-110120210
In base 8, what is -556477 - 50?
-556547
In base 5, what is 41 - 2114413221?
-2114413130
In base 13, what is 3 + 9830b1b?
9830b21
In base 10, what is -72435 - 752?
-73187
In base 10, what is 99725 - 63?
99662
In base 4, what is -120213 - 3001322?
-3122201
In base 13, what is a64c1484 - -2?
a64c1486
In base 7, what is -6534 - -4542?
-1662
In base 11, what is 10507 - 705?
a902
In base 8, what is -2 + 12120337?
12120335
In base 11, what is 22 - 19177535?
-19177513
In base 11, what is 2a84865 + -56?
2a8480a
In base 10, what is -13907 + -6983?
-20890
In base 3, what is 1122200220 - -112110?
1200020100
In base 15, what is -54381c7 + 0?
-54381c7
In base 7, what is 33 + -26566315?
-26566252
In base 5, what is -4031302 - 203?
-4032010
In base 12, what is 1b5 - -26b949?
26bb42
In base 7, what is -4006 - -25365?
21356
In base 4, what is -22000322013 - 103?
-22000322122
In base 14, what is 10db4 - -1314?
122c8
In base 4, what is 2102110310 + 233?
2102111203
In base 12, what is -853748 + a?
-85373a
In base 9, what is -10046 - -463?
-8473
In base 5, what is 4002011124 - 10?
4002011114
In base 6, what is 221 + -5022341?
-5022120
In base 9, what is 456882 - -18?
457011
In base 16, what is 1793b72 - 5?
1793b6d
In base 16, what is 101 - 107c1?
-106c0
In base 13, what is -301a - 1346a?
-16487
In base 6, what is 1012 + -255541?
-254525
In base 4, what is -10 - 2211321110?
-2211321120
In base 6, what is -14514112254 - -15?
-14514112235
In base 2, what is 100 - -11101000000111101101011?
11101000000111101101111
In base 9, what is 3321 - 34058?
-30637
In base 9, what is 4 + 263457223?
263457227
In base 6, what is 321540 - 111?
321425
In base 6, what is -1032 - 1412524?
-1414000
In base 14, what is 478a9 - 2a?
4787d
In base 11, what is 0 - -1092998?
1092998
In base 16, what is 1d1fcc + 6b?
1d2037
In base 4, what is -2223 - 200210230?
-200213113
In base 5, what is -240001 - -312022?
22021
In base 13, what is -68935 + -6?
-6893b
In base 8, what is -370006014 + 5?
-370006007
In base 4, what is -200112132 - -10?
-200112122
In base 13, what is -23bcaa + 1?
-23bca9
In base 8, what is 1573 - -2311303?
2313076
In base 13, what is 1b573 + -797?
1aaa9
In base 4, what is 1203220302 - -10022?
1203230330
In base 4, what is -11200121 + -1331202?
-13131323
In base 5, what is 32024211403 + 0?
32024211403
In base 3, what is -101102111122 + -1121000?
-101111002122
In base 14, what is -47524 - 14?
-47538
In base 6, what is 30405231 + 322?
30405553
In base 4, what is -22031130 + 3133?
-22021331
In base 3, what is -1112020121001221 - -2?
-1112020121001212
In base 15, what is 346e2bb0 + -3?
346e2bac
In base 4, what is -101030303233 + 2011?
-101030301222
In base 3, what is 11 + -221122101200100?
-221122101200012
In base 7, what is -303113 - 4233?
-310346
In base 4, what is -11 - 1131002203011?
-1131002203022
In base 13, what is 1961 + -3cc?
1562
In base 14, what is 2b8509 + 8?
2b8513
In base 15, what is 2d0224 - 3a?
2d01d9
In base 3, what is -12002 - -1011122111111?
1011122022102
In base 2, what is 110001110100000101 + 110011?
110001110100111000
In base 2, what is 100110001010001101001110 - 1?
100110001010001101001101
In base 2, what is -1011010001011011000111111 + -10?
-1011010001011011001000001
In base 3, what is 12 + 111110211120112?
111110211120201
In base 2, what is -11111 - 101000010111100101101?
-101000010111101001100
In base 6, what is -5405 - -1243504?
1234055
In base 9, what is 116270748 + -3?
116270745
In base 4, what is -10 - -33120132300?
33120132230
In base 9, what is -1446 + -413702?
-415248
In base 12, what is 3 + -bb38252?
-bb3824b
In base 9, what is -203 - 132777?
-133081
In base 14, what is -58 - 468b7?
-46931
In base 10, what is 3 - 990879?
-990876
In base 9, what is 164 + -123341?
-123166
In base 14, what is -4 - 4068a4c?
-4068a52
In base 2, what is -10011011000 - -1000011100011010011?
1000011001111111011
In base 15, what is -2 + 9245?
9243
In base 11, what is -2 + 36a101a?
36a1018
In base 9, what is -3322 - -6758?
3436
In base 2, what is 10000100111 - -1101000001000110?
1101010001101101
In base 12, what is -48b9 - -4991?
94
In base 14, what is -1c4 + 810?
62a
In base 11, what is -9 - 148a158?
-148a166
In base 6, what is 105322421 - 2?
105322415
In base 14, what is 13a1b2 - -113?
13a2c5
In base 9, what is 11 - -18308737?
18308748
In base 2, what is -100 + -1000001010110111011?
-10000010101101111